-484
In base 3, what is 11 - -11?
22
In base 15, what is 4 + 37?
3b
In base 2, what is 10011111 - -11?
10100010
In base 16, what is 1 + 33?
34
In base 15, what is -5 - 4c0?
-4c5
In base 6, what is -15 + -4?
-23
In base 4, what is 1 - -2232?
2233
In base 4, what is -10 - 303?
-313
In base 2, what is -110 + -101111111101?
-110000000011
In base 12, what is -2 + -3?
-5
In base 6, what is -1115 + 21?
-1054
In base 14, what is 33 + 24a?
27d
In base 9, what is -5 + 6624?
6618
In base 4, what is -203 - 3?
-212
In base 9, what is -4467 - 3?
-4471
In base 4, what is 3 + -11001?
-10332
In base 2, what is 10000 + 10000000111?
10000010111
In base 12, what is 446a + -1?
4469
In base 10, what is 274 - 3?
271
In base 13, what is 6 + 87?
90
In base 4, what is -123031 - -3?
-123022
In base 14, what is -93 - -2?
-91
In base 16, what is -2a + -11?
-3b
In base 4, what is 11 + -20313?
-20302
In base 16, what is 139 + -d?
12c
In base 15, what is a + 2e?
39
In base 5, what is -104033 - 4?
-104042
In base 16, what is 2 + -5f?
-5d
In base 3, what is 11120 - 12?
11101
In base 11, what is 1 + -29a?
-299
In base 11, what is 10 + -148?
-138
In base 15, what is -1512 + 0?
-1512
In base 11, what is -11 - -100?
9a
In base 2, what is -10001 + 100001?
10000
In base 4, what is -3 + 121311?
121302
In base 16, what is 1b7 - 0?
1b7
In base 10, what is -1056 - -4?
-1052
In base 15, what is -2 + -b9?
-bb
In base 2, what is 1000111110111 + 10?
1000111111001
In base 6, what is -2 + -1142?
-1144
In base 11, what is 33 + -12?
21
In base 10, what is -9499 - 2?
-9501
In base 2, what is -10 - 10001100?
-10001110
In base 7, what is -34 - 0?
-34
In base 8, what is 0 - 1222?
-1222
In base 16, what is 9 - 46?
-3d
In base 4, what is -10 + -123?
-133
In base 9, what is 187 - 4?
183
In base 9, what is -103132 + 3?
-103128
In base 5, what is -241 - -340?
44
In base 15, what is -9 + 4c?
43
In base 16, what is -3 - e7?
-ea
In base 11, what is 68 - 2?
66
In base 12, what is -2b4 - 37?
-32b
In base 6, what is -105 + -25?
-134
In base 10, what is 73 - 5?
68
In base 15, what is 944 - 2?
942
In base 14, what is -27 + -279?
-2a2
In base 12, what is 12 + 34?
46
In base 12, what is -1 - 60?
-61
In base 14, what is -10d - 4?
-113
In base 11, what is 488 - 5?
483
In base 6, what is 11115 + -4?
11111
In base 5, what is 4 + -124142?
-124133
In base 14, what is -42 + -b?
-4d
In base 6, what is 15 - 2?
13
In base 3, what is -1 + 102222?
102221
In base 10, what is 22 + 0?
22
In base 11, what is -1 + -346?
-347
In base 3, what is -11 - -10220?
10202
In base 14, what is 16 - 234?
-21c
In base 14, what is -77 + -1?
-78
In base 12, what is -5 + -1613?
-1618
In base 12, what is -1 + 8?
7
In base 11, what is 13 - 2a?
-17
In base 2, what is -1010001 + -10?
-1010011
In base 5, what is 30 + -1102?
-1022
In base 7, what is -2 + -2534?
-2536
In base 13, what is 43 + -7?
39
In base 3, what is -122102 + -101?
-122210
In base 4, what is 3321 - 0?
3321
In base 8, what is 5 + -566?
-561
In base 6, what is -3141 - -1?
-3140
In base 15, what is -4 - -cc?
c8
In base 3, what is 1 + 20212?
20220
In base 4, what is -3332 - -2?
-3330
In base 14, what is -11 + 3ca?
3b9
In base 11, what is 0 - -526?
526
In base 15, what is 5 - -62?
67
In base 5, what is 10422 - 14?
10403
In base 12, what is 29 - 18?
11
In base 4, what is -31 + 313?
222
In base 9, what is 217 + -2?
215
In base 15, what is -56 - -5?
-51
In base 10, what is -3 - 503?
-506
In base 4, what is -11 - 1220?
-1231
In base 2, what is -1 - 111011000011?
-111011000100
In base 16, what is -1 - -2?
1
In base 15, what is 0 - -b1?
b1
In base 7, what is 4 + -1?
3
In base 2, what is -11 + -111100000?
-111100011
In base 2, what is -10101110 + 1011?
-10100011
In base 14, what is 11 + -18?
-7
In base 9, what is 5 + 48?
54
In base 8, what is -1 - -416?
415
In base 12, what is 247 - -15?
260
In base 4, what is 11 + -33221?
-33210
In base 10, what is 1 + 1319?
1320
In base 16, what is -60 + -8?
-68
In base 13, what is -6a - 0?
-6a
In base 7, what is -142 + -32?
-204
In base 5, what is 3 + -22?
-14
In base 3, what is 22200 + -11?
22112
In base 10, what is -36 - -61?
25
In base 16, what is -3 + 13c?
139
In base 15, what is 0 - -1e0?
1e0
In base 14, what is -ad + 13?
-9a
In base 3, what is -210202 + -22?
-211001
In base 12, what is 2 + -8?
-6
In base 8, what is 5 + -24?
-17
In base 16, what is -1 - 127?
-128
In base 2, what is 1100010 - -1000101?
10100111
In base 3, what is 0 - -101121?
101121
In base 2, what is 110 - 101001?
-100011
In base 10, what is -122 + -1?
-123
In base 15, what is 5 - -64?
69
In base 5, what is -31404 + 3?
-31401
In base 3, what is -210221 - 10?
-211001
In base 13, what is 7b + 10?
8b
In base 5, what is -1442 + -4?
-2001
In base 3, what is 1222 - 2222?
-1000
In base 15, what is -7d3 + -1?
-7d4
In base 15, what is 30b + 3?
30e
In base 6, what is 1 + 325?
330
In base 12, what is 3 - -33?
36
In base 16, what is 3 + -5ed?
-5ea
In base 13, what is -4 + 34?
30
In base 2, what is -1000110 + -10?
-1001000
In base 11, what is 2 + -427?
-425
In base 8, what is -140 - -4?
-134
In base 7, what is 0 + -62?
-62
In base 13, what is a - 245?
-238
In base 5, what is -2 + 1422?
1420
In base 15, what is -4 + 60?
5b
In base 14, what is 61 + -5?
5a
In base 9, what is -1057 - 28?
-1086
In base 2, what is 111101001110101 - -11?
111101001111000
In base 9, what is 3 - -704?
707
In base 16, what is -1a + 2f7?
2dd
In base 11, what is -45 - -121?
87
In base 9, what is 3 + -4716?
-4713
In base 7, what is 234 - -121?
355
In base 11, what is -3a6 - -23?
-383
In base 12, what is -377 - 4?
-37b
In base 10, what is -28 - -73?
45
In base 5, what is -1 + 13041?
13040
In base 7, what is -4 - -10552?
10545
In base 15, what is -11 + 539?
528
In base 16, what is 1b - -8?
23
In base 5, what is 2 - 2231?
-2224
In base 2, what is 1101011101001 - -1?
1101011101010
In base 5, what is 34 + 1321?
1410
In base 16, what is -2 + 75d?
75b
In base 5, what is 1 - -202?
203
In base 10, what is -8 - 645?
-653
In base 10, what is -15 + -3?
-18
In base 6, what is -215 + 3?
-212
In base 7, what is 1 - -602?
603
In base 10, what is 1578 - -4?
1582
In base 11, what is -1 + 266?
265
In base 13, what is 7c + 2?
81
In base 2, what is -110 - -101?
-1
In base 6, what is -2 - 1055?
-1101
In base 9, what is 355 - 70?
275
In base 6, what is 0 - 1235?
-1235
In base 5, what is 141002 + 3?
141010
In base 13, what is 80 + b?
8b
In base 5, what is -3 + 21104?
21101
In base 4, what is -3 - -10312?
10303
In base 7, what is 3325 - 6?
3316
In base 3, what is -10122201 - 11?
-10122212
In base 9, what is 1 - 422?
-421
In base 3, what is 12 - 2120100?
-2120011
In base 6, what is 5 - -305?
314
In base 13, what is 612 + 1?
613
In base 2, what is 11111 - 1100111?
-1001000
In base 8, what is 1032 - 5?
1025
In base 12, what is 14 - 8?
8
In base 3, what is 10 - -2121?
2201
In base 13, what is -5cb - -18?
-5b3
In base 5, what is 3 - 2300?
-2242
In base 11, what is -706 - -1?
-705
In base 5, what is 21 - -41333?
41404
In base 4, what is 11 + 10022?
10033
In base 4, what is 11 + -110103?
-110032
In base 4, what is 3012 + -1?
3011
In base 2, what is -10001101111 + 1010?
-10001100101
In base 12, what is -4 - -77?
73
In base 8, what is -421 - 0?
-421
In base 16, what is 461 + -b?
456
In base 7, what is 236 - -4?
243
In base 7, what is 10 + 30?
40
In base 16, what is 1c7 + 3?
1ca
In base 13, what is 4954 - -4?
4958
In base 8, what is -12231 + 5?
-12224
In base 7, what is -6520 + 5?
-6512
In base 2, what is 110101 + -101?
110000
In base 12, what is 22b1 - -2?
22b3
In base 16, what is -38 + 161?
129
In base 16, what is a + -4?
6
In base 15, what is -1 - -112?
111
In base 2, what is 111001 - 111001?
0
In base 8, what is -124 + -2?
-126
In base 4, what is 112 + 12?
130
In base 14, what is 16b + -5?
166
In base 16, what is 14 - -1?
15
In base 14, what is -4 - 22a?
-230
In base 4, what is -2330 - -11?
-2313
In base 7, what is 20 + -54?
-34
In base 4, what is -10 - 22311?
-22321
In base 5, what is -10 - 1131?
-1141
In base 12, what is -3ab - 5?
-3b4
In base 3, what is 100 + -211?
-111
In base 10, what is 5 + -2622?
-2617
In base 5, what is 0 + -320?
-320
In base 8, what is 4 + 2?
6
In base 2, what is 10 - 11100010?
-11100000
In base 4, what is -320 + -102?
-1022
In ba